 8*h**3 + h. Calculate the remainder when x(3) is divided by 25.
24
Suppose 2*i - 64 = 36. Calculate the remainder when 598 is divided by i.
48
Let x = 2862 + -2150. What is the remainder when x is divided by 235?
7
Let f(y) = -y**3 - 5*y**2 + y - 3. Let g be f(-3). Calculate the remainder when 34 is divided by -4 - 1*34*12/g.
8
Let d = 925 + -895. Suppose -2*f = 2*f + 4. Let p = f - -89. Calculate the remainder when p is divided by d.
28
Suppose 3*h - 4 = 2. Let l(n) = 4*n**3 - 3*n**2 + 2*n + 1. Let y be l(h). Suppose 5*v = 15 + y. What is the remainder when 30 is divided by v?
6
Let h(x) = -9*x**2 - x - x + x**3 + 17*x**2 - 3 + 8*x. Let c be h(-7). Suppose 0 = -c*b + 27 + 73. What is the remainder when b is divided by 13?
12
Let f(v) = -2*v**3 - v**2 - 3*v + 12. What is the remainder when 19 is divided by f(0)?
7
Let n = 1835 + -158. What is the remainder when n is divided by 112?
109
Let j(l) = l**3 + 6*l**2 - 3. Suppose -3*x = 3*p + 1 - 4, -4*x = 2*p - 10. What is the remainder when 12528/180 + (-12)/20 is divided by j(p)?
21
Calculate the remainder when ((-9018)/18)/((-1 - 2) + 2) is divided by 72.
69
Let h(q) = -2*q**2 + 28*q - 13. Let j(g) = g + 9. What is the remainder when h(12) is divided by j(0)?
8
Let v be ((-52)/12)/(4/12). Let s = v + 37. What is the remainder when 94 is divided by s?
22
Suppose 5*p + 0*p = 20. Suppose 4*d + p*g - 3*g = 85, -125 = -5*d + 5*g. What is the remainder when 62 is divided by d?
18
Suppose -23 = -2*w + 4*h + 15, -4*h = 3*w - 67. What is the remainder when w is divided by 5?
1
Calculate the remainder when 0/(-1) + 46 + (37 - 41) is divided by 19.
4
Let f be -3*(40/(-12) - 0). Let y be 7*-11 - (-7 + f). Let s = 26 - y. Calculate the remainder when s is divided by 27.
25
Let s = 246 - -22. Suppose i = -i + s. Let g = 84 - 57. Calculate the remainder when i is divided by g.
26
Suppose 0 = r - 0 - 60. Let q = r - 33. Calculate the remainder when q is divided by 16.
11
Let d be 29/(1/20 - 1/(-5)). Let q = -65 + d. Suppose -5*a + 91 = 26. Calculate the remainder when q is divided by a.
12
Let o = -811 - -865. Let i(a) = 3*a**2 + 5*a + 2. What is the remainder when o is divided by i(-3)?
12
Suppose -m + 3*z = -18, -5*m + z = -7 - 55. What is the remainder when 266/8*-4*6/(-14) is divided by m?
9
Suppose 4*t = 4*w + 24, 2*w - t + 12 = 2*t. Let h = w + 6. Suppose 5*m - 120 = d, -m + 45 = -h*m + 4*d. What is the remainder when m is divided by 14?
11
Suppose -20*x = 6*x - 2132. Calculate the remainder when x is divided by 31.
20
Let b = -1084 + 1340. Calculate the remainder when b is divided by 10.
6
Let a = -8922 + 8944. Suppose 2*f - 5*f - 5*c = 1, -4*c - 44 = -3*f. Calculate the remainder when a is divided by f.
6
Suppose 4*z - 48 = -0*z. Suppose h - 3*v + v - 5 = 0, -2*h + z = -5*v. Calculate the remainder when 39 is divided by -1 - (h - (13 + -1)).
9
Let x(p) be the third derivative of -p**6/120 - 3*p**5/20 - 3*p**4/8 - p**3 - 15*p**2. Calculate the remainder when 4*1*(0 - -1) is divided by x(-8).
0
Let u = 0 - 5. Let x = u - -17. Let i = 66 + -31. Calculate the remainder when i is divided by x.
11
Suppose r - 5*j = -2*j + 2, 0 = -3*r + 2*j + 13. What is the remainder when 39 is divided by r?
4
Suppose x - 375 = -2*x. Suppose 0 = 4*z + 25 - x. Calculate the remainder when z is divided by -14*1/(-2)*(-6)/(-3).
11
Suppose 0 = x + m + 4*m - 79, -4*x = m - 259. What is the remainder when x is divided by 15?
4
Let w(o) = o**2 + 3*o + 4. Let s(m) = m + 5. Let q be s(-7). Calculate the remainder when 6 is divided by w(q).
0
Let t(i) = 8*i**2 + 3*i + 3. Calculate the remainder when 14 is divided by t(-1).
6
Let q = -1894 + 1941. What is the remainder when 153 is divided by q?
12
Let r(k) = 2*k**2 - 16*k - 3. What is the remainder when r(-11) is divided by 19?
16
Let p = -27 - -11. Let b(n) = -6*n**2 - 15*n + n**3 + 22 + 14*n**2 + 7*n**2. Calculate the remainder when 22 is divided by b(p).
4
Suppose -9*o + 9 = -10*o. Let k(i) = 15*i**2 - 1. What is the remainder when k(1) is divided by (o/6)/(3/(-16))?
6
Let v = 0 + 0. Suppose g + 0*h = h + 3, v = 3*h - 12. Suppose -6 = -2*d + 20. What is the remainder when d is divided by g?
6
Suppose -8 = -4*z + 2*z, -z - 206 = -2*m. Calculate the remainder when m is divided by 39.
27
Suppose -2*w - 2*k + 4 = 0, -6 = -w - 4*k + 2. Suppose w = 4*i + 8 - 40. What is the remainder when i is divided by 3?
2
Suppose 0 = -4*f - f + 45. What is the remainder when (-1*(-2)/(-4))/((-14)/644) is divided by f?
5
Let q(y) = 2*y**2 + 11*y - 4. Let d be q(-8). Suppose 0 = 6*a - 9*a + d. Calculate the remainder when (-6)/(-4)*(-22)/(-1) is divided by a.
9
Suppose 2*x - 2 = 2. Suppose -x*c + 5 = -3. What is the remainder when 20 is divided by 4/c - -14 - 4?
9
Let m = -11 + 24. Suppose -2*r - 5*q - 12 - 10 = 0, 0 = 5*q. Let l = r + m. What is the remainder when 7 is divided by l?
1
Let n = 92 + -97. Calculate the remainder when 27 is divided by 3 - (-10 + n + 3).
12
Suppose -348 = -7*s - 229. Calculate the remainder when 78 is divided by s.
10
Suppose -15*c + 10*c - 35 = 0. Let j(p) = p**2 + 8*p + 1. Let r be j(c). Let y(o) = -2*o**2 - 15*o - 15. What is the remainder when 3 is divided by y(r)?
0
Let v = -239 - -296. What is the remainder when 454 is divided by v?
55
Suppose 4*j + 5*x = 7, j - 18 = -x + 3*x. What is the remainder when 36 is divided by j?
4
Suppose 3*v = -0 + 9, -4*y = -2*v - 178. What is the remainder when 229 is divided by y?
45
Let j(g) = -337*g - 3026. Suppose -n + 0*n - w = -21, 3*w = -5*n + 97. Suppose -2*c = h - 7, -c + n = 3*c + h. What is the remainder when j(-9) is divided by c?
2
Let k = 7 - 2. Suppose -k*l + 5*c = -80, -4*c + 9 = 2*l + 1. What is the remainder when ((-6)/(-8))/((-4)/(-240)) is divided by l?
9
Let b be 13*6 + 0/(-8 + 4). Suppose 0*w + 4*f + b = 2*w, -2*w + 3*f + 80 = 0. What is the remainder when w is divided by 22?
21
Suppose -j = -2*b - 0*b - 83, 5*j = 5*b + 390. Suppose 0 = 4*m + 1 - j. Suppose -3*k = m - 117. What is the remainder when k is divided by 12?
9
Let m = 479 - -538. Calculate the remainder when m is divided by 6.
3
Let u be -1 - (-4)/4 - (-112)/(-4). Let v = 31 + u. Let x = -7 + 10. What is the remainder when x is divided by v?
0
Let y(p) = -p. Let o be y(-3). Let c be (-4 - (-1 - o))/(-3). Suppose c = -l + 5 - 1. What is the remainder when 9 is divided by l?
1
Let s(n) = -4*n**2 - 1 - n**2 + 4*n**2 + 10*n - 9*n - n**3. What is the remainder when 48 is divided by s(-3)?
6
Let l(m) = -156*m**3 + m**2 - 2*m - 1. What is the remainder when 1579 is divided by l(-1)?
157
Let n = -453 + 696. Calculate the remainder when n is divided by 40.
3
Suppose 0 = 7*s - 3*s - 56. Suppose -3*i + 109 = -s. What is the remainder when i is divided by 22?
19
Let o = -30 - -81. Let g be -2 - -2 - (4 + -3). What is the remainder when o is divided by 7*4 + g/1?
24
Let n(x) = -3*x + 2*x**3 - x**2 + x - 2*x. Suppose -5 = -5*r, -8*r + 3 = -s - 3*r. What is the remainder when 12 is divided by n(s)?
0
Suppose -17*y + 123 = -81. Suppose -15*b = -y - 123. Let h(j) = -j**2 - 6*j + 5. What is the remainder when b is divided by h(-6)?
4
What is the remainder when (158/2)/((-3 - 5)/(-8)) is divided by 27?
25
Suppose 0*r = -8*r + 160. Let p be 26/(-5) + 4/r. What is the remainder when (-2)/(-1)*(p - -21) is divided by 12?
8
Let o(n) = 4 - 1 + n + 3. Let w(r) = 5*r + 63. Let v be w(-11). What is the remainder when 25 is divided by o(v)?
11
Let a = 1490 - 1473. Suppose -z = 5*x - 231, 3*x = -z - 0*z + 137. What is the remainder when x is divided by a?
13
Let t = -7 + 15. Let h = -452 - -474. What is the remainder when h is divided by t?
6
Let w = -97 + 333. Suppose -7*p - w = -9*p. Calculate the remainder when p is divided by 30.
28
Let b(o) = 2*o**2 - 10*o - 13. Let f be b(8). Suppose -4*p - 3*t + f = -113, 5*p - t = 185. Calculate the remainder when 70 is divided by p.
33
Let h(o) = 4*o**2 - 120*o + 472. Calculate the remainder when h(4) is divided by 34.
22
Let v = 95 + -19. Calculate the remainder when v is divided by 6.
4
Suppose d - 28 = -3*d. Let t(m) = m**3 - 7*m**2 + 10*m - 14. Let v be t(6). Suppose -v*k + 162 = -k. Calculate the remainder when k is divided by d.
4
Let o(h) = -1 + h**2 - 13*h - h**3 + 13*h. Let w be o(1). What is the remainder when 33 is divided by 